 is f(z)?
8
Let t be 7/(-28)*12 + (5 - 0). Let y(h) = -h**3 - 2 + 3*h - 1 + h**2 + h**2. Calculate y(t).
3
Let p(c) = c + 5. Let t be p(-4). Let i(v) be the first derivative of -11 + 1/2*v**2 + 0*v. Calculate i(t).
1
Let y(g) = -2*g**2 + 5*g + 3. Suppose -26 = -4*u - 6. Suppose 0 = u*h, 14 + 11 = 5*m - h. Suppose -4*w + n = -15, m*n + 17 = -5*w + 42. Calculate y(w).
-9
Let w be (-184)/(-13) + 8/(-52). Let d(b) = -4 + 4*b**2 + b**3 + 14*b - w*b + 5. Calculate d(-4).
1
Let z(o) be the third derivative of -o**6/120 - o**5/20 + o**4/6 - o**3/6 - o**2 + 2*o. What is z(-4)?
-1
Let j(n) = -1. Let m(y) = 2*y + 14. Suppose 6*u + 4 = 10. Let d(x) = u*m(x) + 2*j(x). What is d(-8)?
-4
Suppose 0*i = -5*o + 4*i + 16, 3*o - 5*i = 7. Suppose -p - 6*p = -o*p. Let b(n) = -n**3 - n**2 - 5. Give b(p).
-5
Suppose -3*q = 0, -2*k - 3*q + 8*q = -54. Let w(f) = -f**3 + f + f - 6*f**2 + k - 23. Give w(-6).
-8
Let w(u) = u**3 - 4*u**2 + 2*u + 1. Let p be w(3). Let q = p + -1. Let j(t) = -4*t + 3*t + 0 - 6. What is j(q)?
-3
Let j(v) = -6*v**3 - 2*v**2 - 20. Let p(u) = 7*u**3 + u**2 + u + 22. Let y(s) = -6*j(s) - 5*p(s). What is y(-8)?
-14
Let y(c) = 6*c**2 - 9*c + 6. Let h(n) = 2*n - 2. Let r(u) = -3*h(u) - y(u). Determine r(2).
-18
Let v(q) = -6*q**3 - 3*q**2 + 7*q + 9. Let k be v(-1). Let g(f) = -7*f + 2. What is g(k)?
-33
Let u(v) be the second derivative of -2*v**3/3 - 3*v**2 - 485*v. Give u(1).
-10
Let l = 21 - 4. Suppose -2*n - l = -a - 2*a, 2*n = -8. Let y(o) = -o**2 + 3*o + 4. What is y(a)?
4
Let l(x) = x**3 - 10*x**2 - 10*x. Suppose 4*g - 3*w - 5 = 3*g, 2*g = 2*w + 18. Determine l(g).
11
Let h(z) be the first derivative of 3*z**2/2 + 7*z - 143. Give h(-7).
-14
Let h(k) = 3*k**2 - 5*k + 8. Let p(f) = f**2 - 2*f + 3. Let m(o) = -4*h(o) + 11*p(o). Let u be (8/(-3) - -3)/((-3)/(-261)). Let g = -28 + u. Give m(g).
-2
Let y(x) be the first derivative of 5 - 3*x - 1/3*x**3 + 3*x**2. Give y(3).
6
Let m(s) = s**2 + 6*s - 1. Let c be (-3 - 0)*(-182)/21. Suppose 0 = -8*z - c - 30. Determine m(z).
6
Let r(l) = -l - 1. Let z be r(-5). Suppose -5 = z*c + 3. Let k = c - -6. Let v(o) = o**3 - 4*o**2 - o - 4. Calculate v(k).
-8
Let j(x) = -2*x + 0 + 9*x - 1. Suppose 2*o + 2*k + 10 - 40 = 0, 0 = 2*o + 5*k - 30. Suppose -48 + 33 = o*g. What is j(g)?
-8
Suppose 6 = 3*h - 3. Suppose -d + 7 = -g + 1, 18 = -g - h*d. Let j(m) = -m**2 - 7*m + 13. Calculate j(g).
-5
Let n(m) = -3*m - 3. Suppose -3*u + 134 = 401. Let f = 87 + u. Give n(f).
3
Suppose 0 = -3*o - 2*b + 32, -10 = -3*o - 4*b + 18. Let l(x) = -x + 15. What is l(o)?
3
Let w(o) = 3*o - 8. Let x(r) = -5*r + 15. Let p(q) = 7*w(q) + 4*x(q). What is p(-13)?
-9
Let k(b) be the second derivative of -b**4/12 + b**3/3 + b**2/2 - 3*b + 2. Suppose 0 = 2*m - 0*m - 6. Let q = m - 5. Give k(q).
-7
Let b(z) = -z**3 - 5*z**2 - 4*z - 2. Let r = 29 - 13. Suppose 0 = -f + 5*f - 3*g + r, 0 = -4*f - 4*g - 16. What is b(f)?
-2
Suppose 0 = -19*s + 96 - 39. Let g be (5 + 0)/10 + s/2. Let z(t) = t**3 - 2*t**2 + t - 2. Determine z(g).
0
Let g(v) be the third derivative of -v**4/24 + 10*v**3/3 + 2*v**2. Let c = -1990 + 1990. Give g(c).
20
Suppose 4*o + 5*v - 41 = 0, 2*o = v + 50 - 47. Let k(u) = -15*u - 3. Give k(o).
-63
Let r(w) = 6*w. Let g(v) = 5*v**3 - 6*v**2 - v. Let x be g(1). What is r(x)?
-12
Let p(m) = m**2 + 5*m - 4. Let d(f) = -2*f + 2. Let u(q) = -4*d(q) + p(q). Determine u(-13).
-12
Let i(w) = w + 5. Suppose -12*s = -8*s - 28. Let n(x) = -2 - 2*x - 1 - 6 + 0. Let c(f) = s*i(f) + 3*n(f). Calculate c(-5).
3
Let y(q) be the first derivative of 3 - q + 0*q - 2 + 2*q**2. Let w = 3 + -4. Calculate y(w).
-5
Let y(s) = -2*s**2 - 2*s + 1. Let p be y(1). Let j(i) be the third derivative of -i**5/60 - i**4/4 - i**3/2 + 55*i**2. What is j(p)?
6
Let f = -15 + 21. Suppose -13 - 5 = f*i. Let p(g) = -g**2 + 1. Give p(i).
-8
Let v(c) = -15*c + 9*c + 0*c + 7 + c**3 + 7*c + c**2. Determine v(0).
7
Let b(w) = -w**2 - 3*w - 3. Suppose -21 = -5*n + 2*d, 0 = -3*n - d + 7 - 1. Suppose -3*m - 4 = -2*r, n*r + 7 = -5*m - 6. Give b(m).
-1
Let a(t) = 3*t - 6. Let z = -449 + 454. Determine a(z).
9
Let t(n) = 17*n + 7. Let a(v) = 7*v + 4. Let l(o) = 7*a(o) - 3*t(o). Calculate l(8).
-9
Let c(r) = 567*r - 1 - 569*r - 3. Let q(m) = 3*m + 4. Let z(b) = 4*c(b) + 3*q(b). What is z(6)?
2
Suppose 0 = -4*n + 5*t - 6 + 40, 4*n - 3*t = 30. Let m(h) = 2*h**2 - 10*h - 14. Let w be m(n). Let v(g) = g + 2. What is v(w)?
0
Let a(y) = y. Let v(s) be the second derivative of s**4/12 - 2*s**3/3 - s**2/2 + 12*s. Let h(p) = 4*a(p) + v(p). Determine h(-2).
3
Let n(c) = 128*c**2 - 129*c**2 + c + 6 + 3 - 1 - 7. What is n(5)?
-19
Let t be 5/(-10) + (-6)/4. Let s be (-9)/18*(4 + t). Let v(f) be the third derivative of 5*f**4/24 - f**3/6 + 3*f**2. Calculate v(s).
-6
Let t(p) be the first derivative of -p**3 - p**2/2 - 194. Determine t(-1).
-2
Let i(f) = -2*f + 1. Let k = 11 + -8. Suppose -27 = -5*q + k. Determine i(q).
-11
Let z be 9/30*-2*-5. Suppose -1 = -r + z. Let q(l) = -l + l**2 - r*l + l + 1 + 0*l. Determine q(3).
-2
Let w(k) = 216*k**2 + 1 + 164*k**2 - 3*k - 382*k**2 - k**3. Determine w(3).
-53
Let w(s) = -2*s + 4. Let i(b) = -2*b**2 + 28. Let d be i(-4). Give w(d).
12
Suppose -4*f - 4 = -6*f. Let c(m) = 5 - 4 + 0*m**f - 6*m - 3*m**2 + 4*m**2. Suppose -3*y = 3*q - 6, 0 = 4*y + 3*q - 1 - 11. What is c(y)?
1
Suppose -y = y - 6. Let x(m) = y*m**2 + 2 + m**3 - 9*m**2 + m - m**2. Determine x(7).
9
Let s(n) = -17*n - 2. Let h(c) = -7*c + 121. Let l be h(17). Give s(l).
-36
Suppose 0 = -3*r + 6, -a + 0*a + 2*r = 7. Let l be ((-1)/1)/(a/9). Let h(y) = 15*y + 10*y**l - 7*y - 9*y. What is h(-1)?
-9
Let u be 7/(-14)*6/(-3). Let s(i) = 10*i**3 - 2*i**2 + i. Calculate s(u).
9
Suppose -3*l - 12 = 0, -5*h - 4*l - 36 = -0*l. Let b(z) be the second derivative of z**4/12 + 2*z**3/3 + z**2/2 + z. Calculate b(h).
1
Let k(y) = -y**3 - 5*y**2 + 2*y + 3. Let n(d) = 5*d + 10. Let w be n(2). Suppose 14*s + w = 10*s. Calculate k(s).
-7
Let a = -3 + 13. Suppose 0 = 4*v + v - a. Suppose -v*w = 1 - 3. Let l(y) = 8*y**2 + 2*y - 1. Give l(w).
9
Let k(t) = -7*t**3 - 8*t**2 + 2*t - 3. Let n(i) = -i**3 - i**2. Let y(v) = -k(v) + 6*n(v). Let h be -6 + 3 + (3 - -1). Let w be (7 + -5)*(h + 0). What is y(w)?
15
Let q(f) = 14*f**2 - 6*f - 4. Let d(k) = -3*k**2 + k + 1. Let a(h) = 5*d(h) + q(h). Calculate a(0).
1
Suppose k - 2*m - 1 = 1, -10 = -5*k + 4*m. Let g(s) = 3*s + 42*s**3 - 5*s**2 - 41*s**3 + 0*s**k + 0*s**2. Give g(3).
-9
Let n(y) = 8*y**2 + 302 + 13*y - 7*y**2 - 328. Calculate n(-16).
22
Let h(z) be the first derivative of -2*z**2 - 8*z + 100. Suppose 0*s - 18 = -2*s. Let x be ((-8)/(-6))/((-2)/s). Calculate h(x).
16
Let x(r) = r**3 + 8*r**2 - 8*r + 15. Suppose -85*g = -119*g - 306. Give x(g).
6
Let j(v) = 8*v**2 + 7*v**2 + 6 - 9*v + v**3 - 2 - 8*v**2 + 1. Let a(c) = 3*c + 4. Let z be a(-4). Give j(z).
13
Let l be 13/3 - (-8)/24*2. Let s(k) = k**3 - 5*k**2 + k - 1. Calculate s(l).
4
Let r(n) be the first derivative of -n**3 + n**2 - 2*n + 13. What is r(2)?
-10
Let a(c) = c**3 + 3*c**2 + 3*c + 6. Let b(f) = f**2 + 9*f + 16. Let y be b(-6). Let g be (-6)/y*64/(-48). Calculate a(g).
-22
Let v(c) = c**2 - 2*c - 6. Suppose 4*o = 40 + 4. Let i(k) = k**2 - 4*k - 11. Let x(f) = o*v(f) - 6*i(f). What is x(2)?
24
Let d(v) = -v - 6. Let i be 4/1 + -6 - -44. Suppose 11*f = 4*f - i. Determine d(f).
0
Suppose -a - 5*a = -36. Let n(k) = k**2 - 6*k - 3. Give n(a).
-3
Let d(z) = -4*z**2 + 6 - 5 + 3*z**2 - 12*z**3 + 8*z**3. Calculate d(2).
-35
Let l(g) = -44*g - 537. Let r be l(-12). Let f(m) = -m**2 - 14*m - 8. Determine f(r).
37
Let r(a) = a**2 - 11*a + 15. Suppose -5*u + 56 = -3*w, -11*u = -15*u + 2*w + 44. Determine r(u).
5
Suppose 0 = 25*u - 23*u + 16. Let o(h) be the first derivative of h**2 + 9*h + 1. Give o(u).
-7
Suppose -6*o - 2 = -7*o. Let f(r) = 4 + r + o*r - 5*r. Let a = 27 - 23. What is f(a)?
-4
Suppose 0 = -p - 3 + 8. Let h(s) = -7*s - 2. Let x(b) = -16*b - 3. Let a(z) = p*h(z) - 2*x(z). What is a(3)?
-13
Let k(b) = -b**3 - b**2 - 2*b - 2. Let a(z) = -6*z + 27. Let g be a(8). Let n = g + 19. What is k(n)?
6
Let b(c) = c**2 + 7*c + 5. Suppose 88 = 2*o - u, -3*o + 200 = -4*u + 68. Let s be 8/(-56) + o/14. Suppose 2*h = -3*r - 21, 6 = -6*h + s*h + 4*r. Determine b(h).
-1
Let j be 5 - (-2 + 0 - -3). Let l(z) be the third d